hen 8 is divided by l(o).
3
Let k = -22 - -32. What is the remainder when 37 is divided by k?
7
Let v(t) = t**3 + 4*t**2 - 3*t - 6. Let d be v(-4). Suppose 16 = 2*g + d. What is the remainder when 8 is divided by g?
3
Suppose -4*r + 2*r = 6. Let f(w) = -2*w - 4. Let o be f(r). Let x = o - 0. Calculate the remainder when 5 is divided by x.
1
Let o = 8 - 11. Let k be (o/(-4))/((-7)/364). Calculate the remainder when 24 is divided by 4*k/12*-1.
11
Suppose 0 = 4*a - 3*r - 91, 0 = a + 3*r - 38 + 4. Suppose -a = -y - 0*y. Calculate the remainder when y is divided by 9.
7
Let r(d) = d**3 - 6*d**2 - 10*d + 1. Let x be r(7). Let a = x - -30. What is the remainder when 29 is divided by a?
9
Suppose 2*m + f = -4*f + 35, -4*f - 87 = -3*m. Suppose -2*j = -m + 3. What is the remainder when j is divided by 6?
5
Let p(s) = s**2 + s + 28. Calculate the remainder when 83 is divided by p(0).
27
Let n(l) = -l - 6. Suppose g + 4*s = -8, 3*s = g + 4*g + 40. Suppose 2 + 2 = -3*a - 2*w, 2*a + 11 = -3*w. What is the remainder when a is divided by n(g)?
0
Suppose 0 = 3*h + 2*q - 9, 0 = -2*h + 7*q - 3*q - 10. What is the remainder when 1 is divided by h?
0
Let k = 12 - 8. Suppose -k*a + a + 12 = 0. Calculate the remainder when 11 is divided by a.
3
Suppose 3*g = 3*k + 6, -2*g - 1 = -5*k + 4. Suppose -g*p = 70 - 280. What is the remainder when p is divided by 11?
9
Let m be (2 - 1)/(3/9). Suppose 0*c + 45 = m*c. Let n = -61 - -105. Calculate the remainder when n is divided by c.
14
Suppose 5*p = -3*n + 9 + 18, -2*p - 14 = -5*n. Suppose -4 = 2*i + 4, 0 = -3*q + 2*i + 47. What is the remainder when q is divided by n?
1
Let q(u) = 7*u**2 - u. Suppose -2*j + 4*t + 85 = j, 2*t + 56 = 2*j. Calculate the remainder when q(-2) is divided by (-426)/(-27) - (-6)/j.
14
Suppose 2*d = 5*n + 59, -5*d = 2*n + 5 - 80. What is the remainder when 49 is divided by d?
15
Let p(c) = c**3 + 7*c**2 + 7*c + 4. Let b be p(-4). Suppose r - 64 = -3*m, 2*r + 5*m + b = 3*r. What is the remainder when r is divided by 17?
15
Suppose -2*m + 0*j + 7 = 5*j, 0 = 3*m - 3*j - 21. Calculate the remainder when 28 is divided by (m/4)/(6/40).
8
Let m be (-1 + 40)*1/1. Suppose -y + m = 5*w, -12 = -3*w - y + 11. What is the remainder when w is divided by 3?
2
Let p = 3 - 1. Suppose -a = -2*l + 101, 2*a = l + p*l - 154. Calculate the remainder when l is divided by 25.
23
Suppose d + 3 = 0, -3*d = 4*p + 2*d - 37. Calculate the remainder when 35 is divided by p.
9
Suppose -5*i + 5 + 20 = 0. Suppose 8 = i*j - 77. Calculate the remainder when j is divided by 9.
8
Suppose -26 - 11 = -3*p - s, -s - 51 = -5*p. Let b = p - -36. What is the remainder when b is divided by 12?
11
Suppose 0 = -4*t - 3*s + 144, -5*t - 7*s + 180 = -5*s. What is the remainder when t is divided by 19?
17
Suppose 26 = 3*t + 4*h - 6*h, h + 18 = 2*t. What is the remainder when 48 is divided by t?
8
Let k(r) = 3*r**3 - 10*r**2 - 4*r - 9. What is the remainder when k(5) is divided by 33?
30
Let k = -38 + 63. What is the remainder when 72 is divided by k?
22
Let x(k) = 3*k - 1. Let c be (2 - 2) + (1 - -1). Let n be x(c). Suppose -4*a - 25 = -n*r, 7*a - 4*a + 18 = 3*r. Calculate the remainder when r is divided by 1.
0
Suppose 10*x + 17 = 12*x + s, 2*x = -5*s + 29. Calculate the remainder when 117 is divided by x.
5
Suppose 0*x + 2*x = 3*o + 28, 4*x = 5*o + 56. Calculate the remainder when 95 is divided by x.
11
Suppose 0 = 2*z - b + 3, 4*z + 12 = z + 3*b. Let i = -3 - -3. Suppose 4*s + z - 13 = i. What is the remainder when 5 is divided by s?
2
Let u(f) = -f**2 + 17. Suppose -m = 4*m - 30. Calculate the remainder when u(0) is divided by m.
5
Suppose -4 = 4*w - 28. Calculate the remainder when (-4 - -2 - 0) + 11 is divided by w.
3
Suppose 0 = -4*n + 84 - 16. What is the remainder when n is divided by ((-2 - 0) + 3)*5?
2
Let l(y) = y**3 - 4*y**2 - 6*y - 6. Let h be l(5). Let j(b) = -5*b - 8. Calculate the remainder when j(h) is divided by 16.
15
Suppose 0 = -0*y - 4*y + 64. Let p(q) be the second derivative of -q**4/12 + 7*q**3/6 - 3*q**2/2 + 3*q. Calculate the remainder when y is divided by p(4).
7
Let i(g) = -10*g + 8 - 11*g + 24*g. Calculate the remainder when 75 is divided by i(6).
23
Suppose -95 = 5*a - 10*a. What is the remainder when a is divided by (-12)/(-60)*(0 + 25)?
4
Let v(s) = s**2 + s - 3. What is the remainder when v(5) is divided by 10?
7
Suppose -34*d - 10 = -35*d. Calculate the remainder when 28 is divided by d.
8
Let l be 2*2/(-8)*-32. Let o be ((-2)/(-4))/((-2)/l). Let j = o - -13. Calculate the remainder when 16 is divided by j.
7
Suppose -4*r + 2*r - 550 = 3*n, 5*r = -4*n - 731. Let l be n/18 + (-2)/(-9). Calculate the remainder when 2 is divided by 5*(1 + 6/l).
0
Let a = 45 - 24. What is the remainder when 81 is divided by a?
18
Suppose -3*j = 5*g - 355, 25 = -7*j + 2*j. Calculate the remainder when g is divided by 19.
17
Calculate the remainder when 322/23 + (-1 - 1) is divided by 8.
4
Suppose 2*p = 3*p - 12. Calculate the remainder when 118 is divided by p.
10
Suppose 4*v - v + 1 = 2*a, 5*a = 10. Let t = 1 - v. Suppose 4*d - 43 - 45 = t. Calculate the remainder when d is divided by 8.
6
Let d(g) = g**3 + 2*g**2 - 3*g + 4. Let t be d(-3). Suppose 3*h - 2 = 4*h, -t*h + 49 = o. Suppose o = 3*q + 18. Calculate the remainder when 24 is divided by q.
11
Let v = 16 + -1. Suppose 0 = -5*s + 5 + 10. Calculate the remainder when s is divided by (-3)/v + 33/15.
1
Let x(d) = d**2 - 2*d. Calculate the remainder when 46 is divided by x(6).
22
Suppose -2*l + 2 = 0, 2*o = 6*o + l - 9. Suppose 3*v = -d + 5, 2*v + v + 4*d - o = 0. Suppose t + v = 5. Calculate the remainder when 7 is divided by t.
1
Suppose -5*q + 2 = 4*t - 73, -5*q - 150 = -5*t. What is the remainder when t is divided by 11 - (-4 + 3 - 1)?
12
Let g = 8 + -18. Let d = -3 - g. What is the remainder when d is divided by 2?
1
Suppose 4*u = 6*u - 38. Calculate the remainder when 61 is divided by u.
4
Suppose -2*x + 24 + 20 = 3*o, x + 5 = 0. What is the remainder when o is divided by 7?
4
Let f(u) = -u**3 - 13*u**2 + 10*u + 10. Calculate the remainder when f(-14) is divided by 34.
32
Suppose -3*m + 178 + 223 = 5*n, m = 2. Calculate the remainder when n is divided by 27.
25
Suppose -13 = g - 22. Calculate the remainder when g is divided by 7.
2
Suppose 4 = -r - 0*t + 4*t, -5*r + 2 = 2*t. Let c be (1 - r)*6/2. Suppose -c*s + 75 = 2*s. What is the remainder when 44 is divided by s?
14
Let z(m) = 16*m**3 + 3*m**2 - m - 1. What is the remainder when 48 is divided by z(1)?
14
Let t = 283 - 82. Suppose 5*x + 51 = t. Calculate the remainder when x is divided by 11.
8
Suppose 2*x - 5*x + 3*g = -126, 219 = 5*x - 2*g. Calculate the remainder when x is divided by 2 + 6/(-3) + 16.
13
Suppose l + 7 - 29 = 0. What is the remainder when l is divided by 8?
6
Let c = -10 - -13. Calculate the remainder when 47 is divided by -3 + 3/c - -12.
7
Let o = 2 + -2. Suppose -2*g - 16 = -o*g. What is the remainder when 11 is divided by (3/4)/((-2)/g)?
2
Let v be -1 - 1 - 1*-66. Suppose 5*c = 76 + v. Let t = -20 + c. Calculate the remainder when 30 is divided by t.
6
Suppose 4*l = -l + 20. Let d = 3 + l. What is the remainder when 27 is divided by d?
6
What is the remainder when 72 is divided by 82/4 - (-9)/(-6)?
15
Let p = -5 + 0. Let k(m) = -m + 1. Let g be k(-7). Let i = g + p. Calculate the remainder when i is divided by 2.
1
Let n = -130 + 231. Calculate the remainder when 39 is divided by 2/(-10) + n/5.
19
Suppose -6 = -2*j - 2*k, 2 = j + 3*k - 3. What is the remainder when 14 is divided by j?
0
Let b = -57 - -80. Suppose 3*f + u = -9 + b, 0 = 4*f - 4*u - 24. Let c(m) = -8*m - 30. What is the remainder when f is divided by c(-4)?
1
Suppose a - 13 = 2. Suppose 0 = -2*y - 2*y + k + 139, 4*y - 145 = 3*k. Let n = 10 + y. Calculate the remainder when n is divided by a.
14
Suppose 39*o - 73 = 551. Let m(z) = 7*z**2 + z - 3. What is the remainder when m(3) is divided by o?
15
Calculate the remainder when 42 is divided by (-6)/39 + 158*(-3)/(-39).
6
Let f be (-236)/14 - 2/14. Let v = f + 29. What is the remainder when v is divided by 4?
0
Suppose -2*q = -4*i + 15 - 5, -3*q + 3 = 3*i. Suppose 0 = -k - 2*k + 3. Calculate the remainder when i is divided by k.
0
What is the remainder when (-1 - 1)/(-1 - (-16)/20) is d